{"id":27838,"date":"2024-09-12T23:12:43","date_gmt":"2024-09-12T23:12:43","guid":{"rendered":"https:\/\/itscloq.com\/tienda\/product\/la-torre\/"},"modified":"2026-04-30T01:58:36","modified_gmt":"2026-04-30T01:58:36","slug":"la-torre","status":"publish","type":"product","link":"https:\/\/itscloq.com\/tienda\/product\/la-torre\/","title":{"rendered":"TORRE GIRATORIA"},"content":{"rendered":"","protected":false},"excerpt":{"rendered":"<p><span style=\"font-weight: 400;\">La torre giratoria es ideal para mantener productos peque\u00f1os en perfecto orden y de f\u00e1cil acceso. Har\u00e1 que tus espacios sean m\u00e1s agradables y tus h\u00e1bitos m\u00e1s sostenibles. Puedes usarlo en el ba\u00f1o, en la cocina, en el tocador y cualquier sitio de almacenaje en el que quieras practicar una vida cloq.<\/span><\/p>\n<ul>\n<li style=\"font-weight: 400;\"><span style=\"font-weight: 400;\">Material: Acr\u00edlico.<\/span><\/li>\n<\/ul>\n","protected":false},"featured_media":28017,"comment_status":"closed","ping_status":"closed","template":"","meta":{"_joinchat":[]},"product_brand":[],"product_cat":[73,72],"product_tag":[],"class_list":{"0":"post-27838","1":"product","2":"type-product","3":"status-publish","4":"has-post-thumbnail","6":"product_cat-organizacion-y-limpieza","7":"product_cat-higiene-personal","9":"first","10":"instock","11":"sale","12":"purchasable","13":"product-type-simple"},"_links":{"self":[{"href":"https:\/\/itscloq.com\/tienda\/wp-json\/wp\/v2\/product\/27838","targetHints":{"allow":["GET"]}}],"collection":[{"href":"https:\/\/itscloq.com\/tienda\/wp-json\/wp\/v2\/product"}],"about":[{"href":"https:\/\/itscloq.com\/tienda\/wp-json\/wp\/v2\/types\/product"}],"replies":[{"embeddable":true,"href":"https:\/\/itscloq.com\/tienda\/wp-json\/wp\/v2\/comments?post=27838"}],"version-history":[{"count":6,"href":"https:\/\/itscloq.com\/tienda\/wp-json\/wp\/v2\/product\/27838\/revisions"}],"predecessor-version":[{"id":28815,"href":"https:\/\/itscloq.com\/tienda\/wp-json\/wp\/v2\/product\/27838\/revisions\/28815"}],"wp:featuredmedia":[{"embeddable":true,"href":"https:\/\/itscloq.com\/tienda\/wp-json\/wp\/v2\/media\/28017"}],"wp:attachment":[{"href":"https:\/\/itscloq.com\/tienda\/wp-json\/wp\/v2\/media?parent=27838"}],"wp:term":[{"taxonomy":"product_brand","embeddable":true,"href":"https:\/\/itscloq.com\/tienda\/wp-json\/wp\/v2\/product_brand?post=27838"},{"taxonomy":"product_cat","embeddable":true,"href":"https:\/\/itscloq.com\/tienda\/wp-json\/wp\/v2\/product_cat?post=27838"},{"taxonomy":"product_tag","embeddable":true,"href":"https:\/\/itscloq.com\/tienda\/wp-json\/wp\/v2\/product_tag?post=27838"}],"curies":[{"name":"wp","href":"https:\/\/api.w.org\/{rel}","templated":true}]}}