{"id":27866,"date":"2024-09-12T23:12:43","date_gmt":"2024-09-12T23:12:43","guid":{"rendered":"https:\/\/itscloq.com\/tienda\/product\/el-clear-set\/"},"modified":"2026-04-30T16:16:49","modified_gmt":"2026-04-30T16:16:49","slug":"el-clear-set","status":"publish","type":"product","link":"https:\/\/itscloq.com\/tienda\/product\/el-clear-set\/","title":{"rendered":"25 PIEZAS ORGANIZADORAS"},"content":{"rendered":"","protected":false},"excerpt":{"rendered":"<p>Las 25 piezas organizadoras de cloq son un grupo de organizadores de acr\u00edlico de distintos tama\u00f1os, ideal para la gaveta de tu oficina, maquillaje, joyas y m\u00e1s. Mant\u00e9n todo en orden y a la vista con estas bandejas vers\u00e1tiles y funcionales, perfectas para optimizar espacios y mantener tus cosas organizadas de manera pr\u00e1ctica.<\/p>\n","protected":false},"featured_media":28303,"comment_status":"closed","ping_status":"closed","template":"","meta":{"_joinchat":[]},"product_brand":[],"product_cat":[73],"product_tag":[],"class_list":{"0":"post-27866","1":"product","2":"type-product","3":"status-publish","4":"has-post-thumbnail","6":"product_cat-organizacion-y-limpieza","8":"first","9":"instock","10":"sale","11":"purchasable","12":"product-type-simple"},"_links":{"self":[{"href":"https:\/\/itscloq.com\/tienda\/wp-json\/wp\/v2\/product\/27866","targetHints":{"allow":["GET"]}}],"collection":[{"href":"https:\/\/itscloq.com\/tienda\/wp-json\/wp\/v2\/product"}],"about":[{"href":"https:\/\/itscloq.com\/tienda\/wp-json\/wp\/v2\/types\/product"}],"replies":[{"embeddable":true,"href":"https:\/\/itscloq.com\/tienda\/wp-json\/wp\/v2\/comments?post=27866"}],"version-history":[{"count":4,"href":"https:\/\/itscloq.com\/tienda\/wp-json\/wp\/v2\/product\/27866\/revisions"}],"predecessor-version":[{"id":28494,"href":"https:\/\/itscloq.com\/tienda\/wp-json\/wp\/v2\/product\/27866\/revisions\/28494"}],"wp:featuredmedia":[{"embeddable":true,"href":"https:\/\/itscloq.com\/tienda\/wp-json\/wp\/v2\/media\/28303"}],"wp:attachment":[{"href":"https:\/\/itscloq.com\/tienda\/wp-json\/wp\/v2\/media?parent=27866"}],"wp:term":[{"taxonomy":"product_brand","embeddable":true,"href":"https:\/\/itscloq.com\/tienda\/wp-json\/wp\/v2\/product_brand?post=27866"},{"taxonomy":"product_cat","embeddable":true,"href":"https:\/\/itscloq.com\/tienda\/wp-json\/wp\/v2\/product_cat?post=27866"},{"taxonomy":"product_tag","embeddable":true,"href":"https:\/\/itscloq.com\/tienda\/wp-json\/wp\/v2\/product_tag?post=27866"}],"curies":[{"name":"wp","href":"https:\/\/api.w.org\/{rel}","templated":true}]}}