{"id":27910,"date":"2024-09-12T23:13:41","date_gmt":"2024-09-12T23:13:41","guid":{"rendered":"https:\/\/itscloq.com\/tienda\/product\/fortalecedor\/"},"modified":"2026-05-01T22:28:09","modified_gmt":"2026-05-01T22:28:09","slug":"fortalecedor","status":"publish","type":"product","link":"https:\/\/itscloq.com\/tienda\/product\/fortalecedor\/","title":{"rendered":"FORTALECEDOR CLOQ"},"content":{"rendered":"","protected":false},"excerpt":{"rendered":"<p>El fortalecedor de cloq est\u00e1 dise\u00f1ado para mejorar la fuerza y la resistencia de tus manos, dedos y antebrazo. Ideal para fortalecer los m\u00fasculos clave, mejorar la destreza y el grip. Perfecto para prevenir lesiones, es una herramienta imprescindible para mejorar tu habilidad y rendimiento en diversas actividades f\u00edsicas.<\/p>\n","protected":false},"featured_media":28051,"comment_status":"closed","ping_status":"closed","template":"","meta":{"_joinchat":[]},"product_brand":[],"product_cat":[74],"product_tag":[],"class_list":{"0":"post-27910","1":"product","2":"type-product","3":"status-publish","4":"has-post-thumbnail","6":"product_cat-alimentacion-y-movimiento","8":"first","9":"instock","10":"sale","11":"purchasable","12":"product-type-simple"},"_links":{"self":[{"href":"https:\/\/itscloq.com\/tienda\/wp-json\/wp\/v2\/product\/27910","targetHints":{"allow":["GET"]}}],"collection":[{"href":"https:\/\/itscloq.com\/tienda\/wp-json\/wp\/v2\/product"}],"about":[{"href":"https:\/\/itscloq.com\/tienda\/wp-json\/wp\/v2\/types\/product"}],"replies":[{"embeddable":true,"href":"https:\/\/itscloq.com\/tienda\/wp-json\/wp\/v2\/comments?post=27910"}],"version-history":[{"count":3,"href":"https:\/\/itscloq.com\/tienda\/wp-json\/wp\/v2\/product\/27910\/revisions"}],"predecessor-version":[{"id":28255,"href":"https:\/\/itscloq.com\/tienda\/wp-json\/wp\/v2\/product\/27910\/revisions\/28255"}],"wp:featuredmedia":[{"embeddable":true,"href":"https:\/\/itscloq.com\/tienda\/wp-json\/wp\/v2\/media\/28051"}],"wp:attachment":[{"href":"https:\/\/itscloq.com\/tienda\/wp-json\/wp\/v2\/media?parent=27910"}],"wp:term":[{"taxonomy":"product_brand","embeddable":true,"href":"https:\/\/itscloq.com\/tienda\/wp-json\/wp\/v2\/product_brand?post=27910"},{"taxonomy":"product_cat","embeddable":true,"href":"https:\/\/itscloq.com\/tienda\/wp-json\/wp\/v2\/product_cat?post=27910"},{"taxonomy":"product_tag","embeddable":true,"href":"https:\/\/itscloq.com\/tienda\/wp-json\/wp\/v2\/product_tag?post=27910"}],"curies":[{"name":"wp","href":"https:\/\/api.w.org\/{rel}","templated":true}]}}